mber?
False
Suppose g + 5245 = 6*g. Is g a composite number?
False
Let h(f) = 16*f - 4. Let d be h(4). Suppose -4*w = 2*k - d - 50, -2*k + w + 110 = 0. Is k a prime number?
False
Suppose -4*k - i = -11, 3*k + 2*i + 0*i = 7. Suppose -x + k*x + 582 = 0. Is 1/((-3 + 0)/x) composite?
False
Let s(y) = -8*y. Let b = 1 - -2. Let c be s(b). Let l = c - -61. Is l a composite number?
False
Let b(k) = -k**3 + 8*k**2 - 5*k + 5. Let r(x) = x**2 - 2*x - 1. Let s be r(3). Suppose -s*d + 4*u + 19 = 3, -2*u = -3*d + 20. Is b(d) a prime number?
True
Let b = -206 - -499. Is b a prime number?
True
Let c(r) be the third derivative of r**6/120 - r**5/30 - r**4/6 - 7*r**3/6 - 10*r**2. Is c(6) a prime number?
True
Suppose -3*i + 2*q = -8, 5 = 5*i - 3*q - 9. Suppose 2*v - i*v = -74. Is v a prime number?
True
Suppose 2*x + 15 = 5*x. Let y = -1 + x. Is -5*(y + -2)*-1 a composite number?
True
Let v be 784/10 - (-15)/25. Let l = 275 - 95. Let t = l + v. Is t a composite number?
True
Let g = 1141 - -261. Is g composite?
True
Let a(w) = 5 - 1 - 5*w + 0*w + w**2. Let l be a(4). Suppose -o - 5*i + 0*i = -59, 3*o + i - 149 = l. Is o prime?
False
Suppose 3*a - 58 = -f, a - 5*f + 3*f = 24. Suppose 13 - 30 = -3*d + 4*t, 4*d - 4*t - a = 0. Suppose 8 = d*v - v. Is v prime?
False
Suppose v = 2*y + 145, 3*y = 3*v + 28 - 469. Is v composite?
False
Suppose 8444 = 5*m - 3*j, -5*m - 6*j = -2*j - 8423. Let r = m + -839. Is r/10 + (-2)/(-10) a composite number?
True
Let n(s) = -s**3 - s**2 - s + 257. Let j = 0 - 0. Is n(j) a prime number?
True
Let p = 2 + -14. Let b = p - -8. Is 15/10 + (-566)/b prime?
False
Suppose -4*l + 4*p - 8 = -8*l, 3*l + 2 = -5*p. Let z be (-5)/(-2) + 3/l. Suppose 0 = -z*c + 18 + 93. Is c a composite number?
False
Is (1 - 2) + (-8 - -192) prime?
False
Suppose s = -4*s + 2525. Is s prime?
False
Let h(n) = n**3 - 5*n**2 + 2. Let w be (-5)/2*(-8)/4. Let v be h(w). Suppose 29 = q + v*m, -7*m - 18 = -2*q - 3*m. Is q a composite number?
False
Let t(o) = 251*o**3 - 2*o**2 + o + 1. Is t(1) prime?
True
Let g(r) = r**2 - 5*r + 1. Let c(n) = n**2 + 9*n - 7. Let y be c(-9). Is g(y) a composite number?
True
Let z = 8 + -5. Suppose -z*u + 0*u = -381. Is u a prime number?
True
Suppose -5*u + 740 = 5*m, -3*u + 7*u = 5*m - 704. Suppose 0 = -4*v + 4*q - 396, 4*v = 5*v + 2*q + 96. Let w = m + v. Is w composite?
True
Let s = 84 - -95. Is s a composite number?
False
Let z(a) = 17*a**2 + 7*a - 9. Is z(4) a prime number?
False
Let v = 11 - 4. Suppose 3*x + 80 = v*x. Suppose -2*m + 2*j = m - 391, -x = 4*j. Is m a composite number?
False
Is ((-2)/(-3))/(14/6531) a prime number?
True
Let k be 88/12 - (-2)/3. Suppose 2*s - 9 + 1 = 0. Is 1/s + 78/k a prime number?
False
Let v(s) = -2*s**2 - 16*s - 6. Let k(b) = -3*b**2 - 17*b - 5. Let j(o) = 3*k(o) - 4*v(o). Is j(12) a prime number?
False
Suppose 4*w = -p + 641, -3*w + 4*p = 2*p - 489. Suppose -s = -230 - w. Is s a prime number?
False
Suppose -3 = 4*h - 31. Let d(g) = -g**3 + 8*g**2 + 7*g - 7. Is d(h) composite?
True
Suppose 2*a = -10, 2*a + 25 = -2*z - 3*a. Is (z + 29)*(5 + 0) a composite number?
True
Let o be -1 - 496 - (-3)/(-3). Let j = -335 - o. Is j a prime number?
True
Let w(t) = -3*t**2 - t - 4. Let r be w(-4). Let n = r + 67. Is n prime?
True
Let w(u) = -509*u + 2. Is w(-1) prime?
False
Suppose 0 = -5*g - 26 - 4. Is ((-172)/g)/(4/30) a composite number?
True
Is (-6)/9 - (-5718)/18 composite?
False
Let h(l) = -2*l**3 + 13*l**2 + 4*l + 14. Is h(6) a prime number?
False
Suppose -2*b + 5*v = -2358, -b + v = -1392 + 219. Is b a prime number?
False
Suppose 2*v + 6 = -4*o, 0*v + 3*o + 9 = 3*v. Is 5/(10/52) - v prime?
False
Let s(x) = 65*x**2 - 4*x + 3. Let m be s(2). Let j = 6 + -3. Suppose -170 = -2*c - 0*c + 2*b, -m = -j*c - 5*b. Is c composite?
True
Let x = 2 - 2. Suppose x*n = -n. Suppose n = -4*v + 2*v + 38. Is v a composite number?
False
Suppose -4*d = -a - a + 90, -5*a + 4*d + 249 = 0. Is a composite?
False
Suppose 2290 = 5*o + 315. Is o prime?
False
Suppose 6*u + 17 = -4*a + u, -4*a - 3*u = 15. Let s(k) = -5*k**2 + 2*k - 8. Let q(h) = h**2 + h + 1. Let m(r) = a*q(r) - s(r). Is m(6) prime?
True
Let b = -197 + 606. Is b prime?
True
Suppose 0 = 2*a - 704 - 278. Is a prime?
True
Suppose 0 = -2*y + 5*y. Suppose -2*d - 2*d + r + 232 = y, -d - r + 63 = 0. Is d a prime number?
True
Suppose 3*k + 3 + 3 = 0, 0 = -2*b - 5*k + 342. Suppose -4*o + n = 157, -4*o - n - b + 21 = 0. Let l = o - -124. Is l prime?
False
Let b(q) = 6*q**2 - 3*q - 8. Is b(5) a prime number?
True
Let h(v) = -v**2 + v. Let b = -4 + 3. Let r be h(b). Is ((-19)/r)/(2/4) composite?
False
Suppose -u = z - 2, z - 5*u - 2 = 4*z. Let h(v) = -2*v - 8. Let g be h(-6). Suppose -k - 32 - z = -3*n, -4*n + 72 = g*k. Is n a composite number?
True
Is 12299/42 - 2/(-12) a prime number?
True
Suppose -s - 3*s = -2*f + 308, 5*s = -2*f + 353. Let c = f - 45. Suppose c = -0*j + j. Is j composite?
True
Let v(h) = -h**2 + h - 1. Let g be v(2). Let y = 0 - g. Suppose -y*b + z + z = -155, 4*z + 4 = 0. Is b a composite number?
True
Suppose 3*k = 2*k + 1239. Suppose -3*g - 765 = -3*o, -3*o - 4*g = 2*o - k. Is o prime?
True
Suppose 26 = c - 0*c + b, 32 = c - b. Let t = c - 10. Is t composite?
False
Suppose -n + 5 = -5*j, n = -j - 2*j + 13. Suppose -1 = b - 6, -5*h + 4*b = n. Suppose -h*g = g + 4*a - 493, -169 = -g + a. Is g a prime number?
True
Suppose -m + 2*d + 285 = 0, m - 3*d + 0*d - 283 = 0. Is m a composite number?
True
Let c = 4 + 4. Suppose 3*a + 60 = c*a. Suppose -1 = 3*q + 2*h - 11, -3*h - a = 0. Is q prime?
False
Let c(z) = -10*z**2. Let o be c(-1). Let i(q) = q**2 + 9*q - 7. Is i(o) a prime number?
True
Let l(r) be the second derivative of -r**3/3 - 2*r**2 + 3*r. Let c be l(-3). Suppose 3*g + 2*p - 19 = 4*p, -26 = -4*g + c*p. Is g composite?
False
Suppose 0*z - z - 9 = w, 5*w + 21 = -z. Let l(t) = t**2 - 4*t - 1. Is l(z) composite?
False
Let u(l) be the first derivative of l**3/3 + l**2 + 3*l + 2. Is u(-2) a prime number?
True
Let p(h) = -85*h + 11. Is p(-8) a prime number?
True
Let q(x) = 57*x + 8. Let k be q(-7). Let j = 614 + k. Is j a composite number?
False
Suppose 3*b - 4*a = b, -3*a = -2*b - 3. Let w(o) = -o**2 + 20*o - 24. Let n be w(18). Is ((-52)/b)/(n/90) prime?
False
Suppose -k - 4*n = n - 57, n = 5*k - 181. Is k a composite number?
False
Let o = 2 + -2. Suppose 4*z = -o*h + h - 24, 3*h - 22 = 2*z. Suppose -s - 3 = -2*s, -h*s - 34 = -2*g. Is g composite?
False
Suppose -425 - 1016 = -z. Is z a composite number?
True
Suppose 44 = n - 57. Suppose 563 + n = 4*q. Let k = q - 75. Is k prime?
False
Let g(p) = -490*p + 17. Is g(-4) a prime number?
False
Suppose -t + 76 = 3*t. Suppose -5*n - t = -4. Is 40 + 0 + 3/n a composite number?
True
Suppose 126 = 3*y - 5*y. Let t = y - -178. Is t prime?
False
Let n(r) = -r**3 - 7*r**2 + 13*r - 7. Let v(f) = f**3 + 11*f**2 - 19*f + 10. Let s(z) = -7*n(z) - 5*v(z). Is s(5) a prime number?
False
Is (33/4)/((-54)/(-144)) composite?
True
Suppose -4*c - 3111 + 651 = -4*d, -c + 1227 = 2*d. Is d prime?
False
Let h = 4162 + -1353. Is h a composite number?
True
Let k = -14 - -25. Let j = 17 - k. Is (2/j)/(1/9) composite?
False
Let m(q) = 22*q**2 - 3*q + 4. Is m(-3) prime?
True
Suppose -3*p + 0*p = 3*v, -3*v = -p. Suppose 4*d - 11 - 17 = p. Suppose -3*z = -d*z + 76. Is z composite?
False
Suppose -6*b - 20 = -11*b. Suppose -b*n + 8*n - 4388 = 0. Is n prime?
True
Let b(j) = -130*j - 1. Is b(-2) a composite number?
True
Suppose -4*s = -5*s + 37. Is s prime?
True
Suppose -4*z + 650 = -2594. Is z prime?
True
Suppose 3*m + 14 = -4*c, 3*m = -m - 3*c - 7. Suppose -182 = -m*i + 24. Is i a composite number?
False
Let z(d) = -2*d + 2. Let y be z(-4). Let h = y + -5. Suppose -h*w + 40 = -0*w - 2*r, 2 = -3*w - 4*r. Is w prime?
False
Suppose 0 = -y + 2*y. Let z(b) = b**2. Let m be z(y). Suppose m*i = -i + 65. Is i composite?
True
Let j = 196 - -73. Is j a prime number?
True
Is 40/(-60)*1023/(-2) composite?
True
Suppose 201 = -v + 4*v. Is v a prime number?
True
Suppose -19 = -5*y - 4. Suppose y*j + 2*j = 775. Is j a prime number?
False
Is (-2)/(-6) + 8288/12 composite?
False
Let a(s) = s**2 + 8*s - 6. Let f(c) = 12*c**3 + 2*c + 1. Let q be f(-1). Is a(q) a prime number?
True
Let h(s) = s**2 + 4*s - 4. Let g be h(-4). Let x = g + 13. Is (-14)/3*x/(-6) a prime number?